a factor of 177546?
False
Is 111 a factor of 1337939?
False
Is 1002230 a multiple of 310?
True
Is 385 a factor of 663518?
False
Is 160 a factor of 2079998?
False
Is 240096 a multiple of 26?
False
Does 27 divide 14968728?
False
Is 896 a multiple of 16?
True
Does 135 divide 3311685?
True
Does 10 divide 6840?
True
Is 3776664 a multiple of 444?
True
Is 489 a factor of 1336437?
True
Does 12 divide 140944?
False
Is 226 a factor of 216056?
True
Is 145 a factor of 40310?
True
Does 24 divide 97461?
False
Is 2764744 a multiple of 136?
True
Is 711 a factor of 15255927?
True
Does 390 divide 9888136?
False
Does 31 divide 1420659?
False
Is 1892814 a multiple of 171?
False
Does 17 divide 6584845?
False
Is 18324308 a multiple of 1340?
False
Is 166656 a multiple of 28?
True
Is 807828 a multiple of 14?
True
Does 4 divide 1129255?
False
Does 9 divide 139841?
False
Is 30 a factor of 62610?
True
Is 4913809 a multiple of 615?
False
Does 19 divide 8474931?
True
Does 197 divide 19456?
False
Does 25 divide 2175675?
True
Is 10738 a multiple of 118?
True
Is 491 a factor of 339920?
False
Is 38 a factor of 221324?
False
Is 822185 a multiple of 848?
False
Does 172 divide 3456340?
True
Is 3565315 a multiple of 13?
True
Does 5 divide 104070?
True
Does 25 divide 688428?
False
Is 91650 a multiple of 78?
True
Does 213 divide 331215?
True
Is 70 a factor of 30519186?
False
Does 60 divide 6364627?
False
Is 1067 a factor of 2088480?
False
Does 19 divide 17982?
False
Is 174 a factor of 1147536?
False
Is 238003 a multiple of 32?
False
Is 1911861 a multiple of 9?
True
Is 4 a factor of 187816?
True
Is 99 a factor of 2087811?
True
Does 75 divide 2531025?
True
Is 38 a factor of 3710358?
True
Is 10 a factor of 68630?
True
Does 9 divide 40239?
True
Does 26 divide 711282?
True
Is 19429240 a multiple of 1595?
False
Is 2041793 a multiple of 8?
False
Is 66584 a multiple of 110?
False
Is 40 a factor of 350960?
True
Is 19 a factor of 213218?
True
Does 52 divide 315701?
False
Is 175491 a multiple of 17?
True
Does 74 divide 18592?
False
Does 111 divide 6932394?
True
Is 66 a factor of 19206?
True
Is 100980 a multiple of 9?
True
Is 4 a factor of 16300?
True
Does 5 divide 683750?
True
Is 4803655 a multiple of 53?
True
Is 62 a factor of 807092?
False
Does 11 divide 327583?
False
Does 92 divide 4463991?
False
Does 9 divide 75077?
False
Does 140 divide 115780?
True
Does 199 divide 159996?
True
Is 695 a factor of 2243460?
True
Is 3460 a multiple of 45?
False
Does 11 divide 117790?
False
Is 153957 a multiple of 37?
True
Is 12 a factor of 257038?
False
Does 72 divide 199944?
True
Is 6433490 a multiple of 73?
True
Is 22 a factor of 2061738?
False
Does 142 divide 3912697?
False
Is 47 a factor of 7500082?
False
Is 124 a factor of 1349740?
True
Does 18 divide 36405?
False
Does 124 divide 83204?
True
Does 33 divide 148190?
False
Does 17 divide 362083?
True
Is 14 a factor of 13342?
True
Does 27 divide 2058913?
False
Is 667482 a multiple of 318?
True
Is 124473 a multiple of 177?
False
Does 198 divide 2458056?
False
Is 25 a factor of 412125?
True
Does 285 divide 1942948?
False
Does 176 divide 157168?
True
Is 123 a factor of 5904?
True
Does 29 divide 633708?
True
Does 11 divide 3802458?
True
Does 761 divide 24078801?
True
Does 114 divide 10374114?
True
Does 18 divide 667998?
True
Does 185 divide 167356?
False
Is 968 a factor of 11095216?
True
Does 4 divide 30143?
False
Is 30 a factor of 1442594?
False
Does 532 divide 369208?
True
Is 1704760 a multiple of 136?
True
Is 15 a factor of 5403233?
False
Is 496 a factor of 270320?
True
Is 3543690 a multiple of 840?
False
Is 2 a factor of 861?
False
Is 4 a factor of 1804562?
False
Does 304 divide 85120?
True
Does 437 divide 2132123?
True
Does 7 divide 73450?
False
Does 338 divide 2125590?
False
Is 108625 a multiple of 275?
True
Is 343201 a multiple of 179?
False
Is 28 a factor of 1622310?
False
Is 23 a factor of 284968?
False
Is 289266 a multiple of 6?
True
Is 290 a factor of 8029495?
False
Does 292 divide 1836972?
True
Does 316 divide 559416?
False
Does 94 divide 10633374?
True
Is 9 a factor of 10055?
False
Does 4 divide 74530?
False
Is 41 a factor of 1338927?
False
Does 21 divide 53694?
False
Is 37 a factor of 879712?
True
Is 109 a factor of 1147225?
True
Is 9633879 a multiple of 1032?
False
Is 770507 a multiple of 8?
False
Is 22 a factor of 12601935?
False
Does 130 divide 116350?
True
Is 197680 a multiple of 40?
True
Is 181 a factor of 6443419?
True
Is 25 a factor of 56175?
True
Does 153 divide 36873?
True
Is 10 a factor of 43297?
False
Does 128 divide 2054912?
True
Is 1655298 a multiple of 129?
False
Is 3792081 a multiple of 122?
False
Is 526 a factor of 684326?
True
Is 846 a factor of 5436396?
True
Is 133646 a multiple of 107?
False
Does 63 divide 3530948?
False
Does 14 divide 5204584?
True
Is 81 a factor of 97511?
False
Does 107 divide 455084?
False
Does 211 divide 7239410?
True
Does 89 divide 303935?
True
Is 8 a factor of 258992?
True
Is 19 a factor of 108699?
True
Is 50116 a multiple of 8?
False
Is 8 a factor of 80883?
False
Is 121 a factor of 1728415?
False
Is 13 a factor of 303381?
True
Does 386 divide 981591?
False
Is 202 a factor of 896734?
False
Does 292 divide 5642577?
False
Is 129 a factor of 111972?
True
Is 406424 a multiple of 4?
True
Is 139 a factor of 7575086?
False
Is 17 a factor of 987785?
True
Does 33 divide 196911?
True
Is 153 a factor of 10263721?
False
Is 199584 a multiple of 66?
True
Is 4 a factor of 2366566?
False
Is 18 a factor of 766754?
False
Is 4058488 a multiple of 529?
True
Is 1109827 a multiple of 816?
False
Does 539 divide 6332939?
False
Does 27 divide 1901461?
False
Is 75 a factor of 3525?
True
Is 147 a factor of 4945815?
True
Is 426198 a multiple of 849?
True
Is 2405936 a multiple of 344?
True
Does 36 divide 57387?
False
Is 83 a factor of 4625673?
True
Is 4145852 a multiple of 227?
False
Does 16 divide 243264?
True
Is 59 a factor of 26417?
False
Is 11439 a multiple of 4?
False
Is 342200 a multiple of 25?
True
Is 13 a factor of 15865407?
False
Is 79 a factor of 14536?
True
Does 46 divide 8522834?
True
Is 26331 a multiple of 3?
True
Does 511 divide 5051360?
False
Is 89 a factor of 16912224?
False
Does 117 divide 30263?
False
Is 185706 a multiple of 54?
True
Does 287 divide 295036?
True
Does 1118 divide 1538368?
True
Is 37282 a multiple of 9?
False
Does 201 divide 170247?
True
Is 99710 a multiple of 47?
False
Does 30 divide 47310?
True
Does 21 divide 2511925?
False
Is 237803 a multiple of 32?
False
Is 111533 a multiple of 13?
False
Does 5 divide 48352?
False
Does 34 divide 7904031?
False
Is 10092 a multiple of 29?
True
Does 158 divide 481384?
False
Is 79 a factor of 105823?
False
Is 235 a factor of 505955?
True
Is 14 a factor of 262514?
True
Does 8 divide 48312?
True
Is 1263629 a multiple of 64?
False
Is 625 a factor of 10406875?
True
Is 2353866 a multiple of 222?
True
Is 4784286 a multiple of 249?
True
Does 124 divide 3233672?
True
Is 128908 a multiple of 52?
True
Does 450 divide 137250?
True
Does 278 divide 6109886?
False
Is 21008484 a multiple of 12?
True
Does 440 divide 22729?
False
Is 43 a factor of 683098?
True
Is 2 a factor of 837391?
False
Does 19 divide 2444885?
False
Does 50 divide 320550?
True
Is 259 a factor of 9310090?
False
Is 23 a factor of 768108?
True
Is 9 a factor of 244226?
False
Is 7060528 a multiple of 189?
False
Is 23941 a multiple of 118?
False
Is 7938 a multiple of 18?
True
Is 166719 a multiple of 17?
True
Does 3 divide 229053?
True
Is 8 a factor of 110217?
False
Does 3 divide 260382?
True
Is 727 a factor of 12308110?
True
Is 3 a factor of 178526?
False
Is 1332174 a multiple of 856?
False
Is 112 a factor of 133122?
False
Is 9 a factor of 41167?
False
Is 27 a factor of 755956?
False
Does 20 divide 32720?
True
Does 11 divide 296791?
True
Is 955549 a multiple of 49?
True
Is 73 a factor of 4205020?
False
Is 6 a factor of 616829?
False
Is 10 a factor of 74079?
False
Is 368 a factor of 2150960?
True
Is 51786 a multiple of 22?
False
Is 74 a factor of 54612?
True
Is 1555162 a multiple of 14?
True
Does 2 divide 67520?
True
Is 39456 a multiple of 144?
True
Does 142 divide 753497?
False
Is 18 a factor of 27847?
False
Is 7 a factor of 1163224?
False
Is 5 a factor of 1116909?
False
Does 17 divide 38624?
True
Is 224846 a mult